
Let v(z) = z**2 - 3*z + 3. Calculate v(-4).
31
Let s(t) = -6*t - 28. Give s(-6).
8
Let b(s) = -s**3 + 5*s**2 - s - 4. Give b(3).
11
Let a(c) = -c**3 + 5*c**2 + 1. Give a(5).
1
Let s(d) = d**3 + 8*d**2 + 6*d + 7. Determine s(-7).
14
Let i(n) = 6*n + 19. Determine i(-3).
1
Let g(v) = v**3 + 10*v**2 - 16*v - 15. Calculate g(-11).
40
Let m(q) = -6*q - 22. Calculate m(-5).
8
Let c(w) = -w**2 - 23*w - 120. Give c(-16).
-8
Let w(a) = 4*a + 1. Calculate w(1).
5
Let i(n) = 2*n**3 - 31*n**2 + 14*n + 20. Determine i(15).
5
Let m(u) = u**3 + 14*u**2 - 14*u + 21. Calculate m(-15).
6
Let f(u) = u**3 - 5*u**2 + u - 32. Give f(6).
10
Let p(h) = h + 2. Calculate p(-4).
-2
Let s(i) = -i**3 - 14*i**2 - 13*i. Calculate s(-13).
0
Let u(w) = -29*w**3 + 2*w**2 - 2*w. Give u(1).
-29
Let z(r) = -r + 1. Give z(-3).
4
Let z(x) = -x**2 - 20*x - 11. What is z(-18)?
25
Let t(n) = 5*n - 2. Give t(6).
28
Let q(n) = 28*n + 1. What is q(2)?
57
Let n(y) = y**3 - 5*y**2 + y - 17. What is n(6)?
25
Let z(q) = q**3 - 6*q**2 - 2*q - 8. Give z(6).
-20
Let y(i) = 18*i - 14. Determine y(4).
58
Let x(k) = k**2 + k - 15. What is x(-4)?
-3
Let t(b) = b**2 + 10*b + 54. Give t(-8).
38
Let o(y) = -y**3 + 30*y**2 - 53*y - 92. Determine o(28).
-8
Let k(d) = 3*d + 7. Calculate k(-3).
-2
Let q(c) = c + 4. Determine q(4).
8
Let k(p) = -4*p**2 - 38*p - 9. Give k(-9).
9
Let a(f) = -f + 60. What is a(18)?
42
Let g(r) = -20*r - 22. Give g(-1).
-2
Let v(z) = 5*z**3 + z**2 + 2*z + 1. What is v(-2)?
-39
Let l(a) = -61*a + 487. What is l(8)?
-1
Let m(i) = -12*i - 2. Give m(4).
-50
Let u(o) = -2*o - 15. Give u(-11).
7
Let n(a) = a**3 - 10*a**2 - 12*a + 11. Give n(11).
0
Let u(y) = 4*y + 3. Calculate u(-7).
-25
Let q(f) = 9*f + 25. Give q(2).
43
Let s(o) = -o**3 + 12*o**2 - 10*o - 17. What is s(11)?
-6
Let h(f) = 5*f - 19. Determine h(4).
1
Let y(l) = l**3 + 5*l**2 + 5*l + 3. What is y(-5)?
-22
Let u(f) = -f**3 - 8*f**2 + 6. Give u(-8).
6
Let f(g) = -6*g + 19. What is f(3)?
1
Let k(q) = -q**3 + 9*q**2 + 14*q - 26. Give k(10).
14
Let b(n) = 4*n - 110. Calculate b(38).
42
Let n(x) = -x**3 - 4*x**2 + 6*x + 6. Give n(-4).
-18
Let g(o) = 2*o**2 - 6*o - 7. What is g(5)?
13
Let m(o) = o**2 - 3*o + 1. Give m(2).
-1
Let d(g) = -14*g + 373. Determine d(27).
-5
Let g(b) = -b**3 - 11*b**2 - 10*b + 13. Give g(-10).
13
Let j(r) = 3*r**2 + 6*r - 3. Determine j(2).
21
Let a(f) = f**3 - 5*f**2 - 4*f + 1. What is a(5)?
-19
Let h(t) = 2*t + 5. Calculate h(5).
15
Let a(h) = -11*h**2 + 4*h. Determine a(-2).
-52
Let m(d) = d**3 + 23*d**2 + 41*d - 17. Give m(-21).
4
Let j(c) = c**3 - 4*c**2 - 3*c + 11. What is j(2)?
-3
Let h(u) = -u**3 + 4*u**2 + 12*u. Determine h(6).
0
Let h(w) = 28*w - 13. What is h(-1)?
-41
Let k(m) = -9*m + 23. Give k(3).
-4
Let l(f) = 5*f - 83. Determine l(23).
32
Let p(i) = -i**3 - 5*i**2 + 4*i. Give p(-6).
12
Let c(x) = 10*x - 61. What is c(7)?
9
Let n(x) = x**2 + 8*x + 2. Give n(-7).
-5
Let p(r) = r**3 + 4*r**2 - 10*r - 17. Determine p(-6).
-29
Let t(b) = b**2 + 6*b - 158. Determine t(-16).
2
Let l(x) = -34*x - 3. Give l(-1).
31
Let f(o) = 4*o - 61. What is f(13)?
-9
Let o(t) = t**2 - 4*t + 22. What is o(4)?
22
Let x(n) = 5*n**2 + 7*n - 5. Give x(3).
61
Let g(z) = z**2 + 13*z - 3. What is g(-13)?
-3
Let a(w) = w**2 + 3*w - 5. What is a(-6)?
13
Let y(n) = -33*n**2 - 4*n + 4. Calculate y(1).
-33
Let t(o) = -3*o - 118. What is t(-44)?
14
Let i(f) = -6*f - 14. Determine i(-3).
4
Let v(i) = -3*i**3 + 13*i**2 - 5*i + 6. Give v(4).
2
Let f(r) = -5*r**2 + 2*r - 1. What is f(1)?
-4
Let a(t) = -24*t - 10. Calculate a(-5).
110
Let w(j) = 24*j**3 + j**2 - j + 4. Calculate w(-2).
-182
Let s(i) = i**3 - i**2 - 2*i + 22. Determine s(0).
22
Let l(k) = -k**2 + 10*k - 20. Calculate l(8).
-4
Let m(x) = -x**2 - 13*x + 84. Give m(-16).
36
Let j(o) = 2*o**2 + o + 1. Give j(2).
11
Let w(s) = s**2 + 15*s - 20. Give w(-17).
14
Let w(j) = -5*j + 1. Calculate w(-5).
26
Let v(l) = 204*l - 1222. Calculate v(6).
2
Let r(p) = 32*p - 38. Calculate r(1).
-6
Let t(o) = -4*o - 18. Calculate t(-4).
-2
Let t(k) = -7*k**2 + k - 7. Determine t(0).
-7
Let f(l) = -4*l**2 - l. Determine f(-2).
-14
Let k(m) = -m**2 + 7*m - 6. Determine k(6).
0
Let o(a) = -a**2 - 15*a - 11. Determine o(-16).
-27
Let g(c) = 5*c - 39. Give g(7).
-4
Let d(h) = h**2 + 4*h - 6. Calculate d(4).
26
Let n(u) = -u + 10. Determine n(0).
10
Let d(k) = -k**2 - 16*k - 28. Give d(-14).
0
Let r(h) = 3*h**2 - 18*h - 4. Give r(6).
-4
Let g(d) = -2*d**3 - 7*d**2 + 3*d + 3. What is g(-4)?
7
Let a(p) = p**3 + 2*p**2 - 22. Calculate a(4).
74
Let f(u) = -u**3 - 3*u**2 + 6*u - 4. Determine f(-5).
16
Let f(z) = -z**3 - 5*z**2 + 6*z + 5. Determine f(-6).
5
Let k(v) = 87*v**3 + 4*v + 4. What is k(-1)?
-87
Let f(q) = -3*q**3 - 3*q**2 - q + 4. Calculate f(-3).
61
Let n(t) = -t**3 + 6*t**2 + 6*t - 3. Determine n(7).
-10
Let f(a) = a**2 + 4*a - 92. Give f(8).
4
Let j(f) = -f**3 + 20*f**2 - 23*f + 41. Calculate j(19).
-35
Let d(b) = -2*b**2 + 14*b - 24. Calculate d(2).
-4
Let c(t) = -3*t**2 - 36*t - 105. What is c(-7)?
0
Let j(k) = -22*k - 711. Calculate j(-33).
15
Let g(n) = n**2 - 21. Calculate g(8).
43
Let l(v) = 12*v - 23. Calculate l(2).
1
Let q(n) = -20*n - 17. Determine q(-4).
63
Let t(p) = -p**3 - 9*p**2 + p + 6. Give t(-9).
-3
Let j(v) = 11*v - 17. Calculate j(2).
5
Let m(p) = p**2 + 9*p - 16. Calculate m(-6).
-34
Let b(g) = -g + 5. Calculate b(10).
-5
Let x(u) = 33*u**3 - 4*u - 2. What is x(-1)?
-31
Let h(w) = 10*w + 1. What is h(1)?
11
Let k(b) = -8*b - 3. Give k(2).
-19
Let c(p) = -6*p**2 + 4*p - 3. Give c(1).
-5
Let h(f) = -f**3 - 7*f**2 - 2*f + 13. What is h(-6)?
-11
Let h(v) = v - 4. Determine h(6).
2
Let v(r) = -r**2 + 18*r. What is v(18)?
0
Let s(y) = 7*y**2 - 13*y + 29. Determine s(4).
89
Let t(y) = -2*y**2 + 13*y - 8. Calculate t(7).
-15
Let a(p) = -p**3 + 23*p**2 + 23*p + 23. Calculate a(24).
-1
Let z(y) = y**3 - 18*y**2 + 9*y + 26. Determine z(17).
-110
Let p(c) = -19*c - 185. What is p(-10)?
5
Let v(o) = -o**3 - 77*o**2 + 500*o + 169. Determine v(-83).
3
Let n(s) = 2*s**2 + 37*s + 56. Give n(-17).
5
Let p(c) = -c**3 + 6*c**2 - 7*c + 4. Calculate p(4).
8
Let q(u) = u**3 - 10*u**2 + u - 6. Determine q(10).
4
Let m(x) = x**3 - 17*x**2 - 2*x + 25. Determine m(17).
-9
Let w(r) = -2*r**2 + 12*r - 6. Calculate w(9).
-60
Let r(h) = 2*h - 5. Give r(-11).
-27
Let w(a) = a**3 + 16*a**2 + 28*a - 10. Give w(-14).
-10
Let h(c) = c**2 + 37*c - 580. Give h(12).
8
Let u(o) = -o**2 + 5*o - 1. Calculate u(4).
3
Let c(b) = b**3 - 4*b**2 - b + 8. Give c(4).
4
Let v(j) = 2*j**2 - 21*j + 12. What is v(9)?
-15
Let y(f) = -f**2 - 6*f + 17. Determine y(7).
-74
Let d(x) = -x**3 + 5*x**2 + 7*x - 7. Determine d(6).
-1
Let i(k) = -9*k + 21. Calculate i(3).
-6
Let v(p) = -8*p - 2. What is v(2)?
-18
Let w(x) = -4*x**2 - 11*x - 32. Calculate w(-6).
-110
Let n(i) = -i**3 + 8*i**2 - 4*i - 2. Determine n(7).
19
Let l(c) = 3*c**2 - 4*c + 3. Give l(3).
18
Let l(h) = -9*h**2 - 2*h + 2. Determine l(-4).
-134
Let z(g) = 9*g**2 + 2*g - 1. What is z(-2)?
31
Let i(d) = 18*d + 187. Calculate i(-11).
-11
Let p(g) = -g**3 + 6*g**2 + g - 5. What is p(6)?
1
Let o(i) = -4*i - 12. Calculate o(-8).
20
Let k(z) = z**3 + 4*z**2 + 5*z + 15. Calculate k(-4).
-5
Let j(t) = -t**3 - 6*t**2 - 2*t + 6. Calculate j(-4).
-18
Let t(k) = k**3 - 16*k**2 - 56*k - 22. Give t(19).
-3
Let n(g) = -g**3 + 4*g**2 - 2*g - 3. Determine n(0).
-3
Let i(o) = -5*o + 10. Calculate i(9).
-35
Let c(k) = k**2 - 34*k + 52. What is c(33)?
19
Let f(x) = -x**2 + 19*x - 53. Give f(15).
7
Let x(r) = -r**2 - 11*r - 9. What is x(-6)?
21
Let b(a) = -58*a**3 + a. Determine b(1).
-57
Let d(s) = -2*s + 11. Determine d(9).
-7
Let l(k) = k**3 - 28*k**2 + 26*k + 25. Give l(27).
-2
Let f(a) = 8*a - 321. Give f(40).
-1
Let m(l) = -l**3 + 2*l**2 - 6*l + 3. Determine m(2).
-9
Let f(c) = -6*c - 28. What is f(-4)?
-4
Let z(f) = -7*f**2 + 4*f + 5. Calculate z(4).
-91
Let w(h) = -35*h + 4. What is w(-3)?
109
Let w(u) = -16*u - 46. Give w(-6).
50
Let f(o) = -4*o**2 - 56*o - 22. What is f(-14)?
-22
Let b(s) = s**3 + 28*s**2 - 31*s - 57. What is b(-29)?
1
Let t(c) = -c**3 + 11*c**2 - 13*c - 1. What is t(10)?
-31
Let v(u) = -u**3 - 15*u**2 + 19*u + 54. Calculate v(-16).
6
Let r(g) = -2*g**3 + 3*g**2 + g - 3. Give r(2).
-5
Let d(q) = -2*q - 4. What is d(6)?
-16
Let k(c) = 3*c